tor of 74 and 2726.
2
What is the greatest common factor of 30 and 580955?
5
Calculate the greatest common factor of 6498 and 10602.
342
What is the greatest common factor of 54 and 63783?
9
Calculate the highest common factor of 801 and 3707829.
801
What is the greatest common factor of 700565 and 13424?
839
Calculate the greatest common divisor of 4453 and 216810.
73
Calculate the highest common divisor of 156883 and 13547.
437
Calculate the greatest common divisor of 350128 and 2212.
316
What is the greatest common factor of 456 and 63232?
152
What is the greatest common factor of 1102 and 155496?
38
What is the highest common divisor of 688760 and 260?
20
What is the highest common factor of 24654 and 6118?
14
What is the highest common divisor of 36822 and 2584?
646
Calculate the greatest common factor of 104839 and 881.
881
What is the highest common factor of 3 and 884223?
3
Calculate the highest common factor of 371 and 17172.
53
Calculate the greatest common factor of 128 and 852400.
16
What is the greatest common factor of 730 and 30410?
10
Calculate the greatest common factor of 916 and 3960326.
458
Calculate the highest common factor of 78 and 4329078.
78
What is the highest common factor of 13 and 1864?
1
Calculate the greatest common divisor of 2987 and 11639.
103
What is the highest common factor of 3794 and 126?
14
What is the greatest common factor of 2 and 2456666?
2
What is the greatest common factor of 413760 and 256?
64
What is the highest common factor of 249400 and 275?
25
Calculate the highest common divisor of 8484 and 55348.
404
What is the greatest common divisor of 12 and 2861460?
12
What is the greatest common factor of 117 and 527397?
39
Calculate the highest common factor of 1425 and 106305.
285
What is the highest common factor of 408248 and 8?
8
Calculate the highest common divisor of 38 and 481232.
38
Calculate the greatest common factor of 458232 and 2196.
732
Calculate the greatest common divisor of 170 and 1146905.
85
Calculate the highest common divisor of 47686 and 13786.
226
Calculate the greatest common factor of 112 and 44896.
16
Calculate the highest common factor of 12410 and 3570.
170
What is the greatest common divisor of 12 and 1261362?
6
What is the highest common divisor of 7920 and 8820?
180
Calculate the highest common factor of 1729 and 31920.
133
What is the highest common factor of 3402 and 161514?
162
What is the highest common factor of 770 and 1970?
10
Calculate the greatest common divisor of 361 and 53561.
19
What is the highest common factor of 8437 and 7293?
143
Calculate the highest common divisor of 5064 and 96.
24
What is the highest common factor of 7281 and 63?
9
What is the highest common divisor of 3924 and 3317742?
1962
Calculate the highest common factor of 4619 and 10877.
149
Calculate the highest common divisor of 2250 and 5175.
225
Calculate the greatest common divisor of 68 and 69564.
68
What is the greatest common factor of 1024 and 9152?
64
Calculate the highest common divisor of 518328 and 10971.
207
Calculate the greatest common factor of 125412 and 588.
84
What is the highest common divisor of 8592 and 168?
24
Calculate the highest common divisor of 336687 and 582.
291
Calculate the greatest common factor of 4564 and 868.
28
What is the greatest common factor of 119714 and 5474?
238
Calculate the greatest common divisor of 580 and 2260.
20
Calculate the highest common divisor of 86364 and 684.
36
What is the greatest common factor of 42789 and 765?
51
What is the highest common divisor of 185064 and 264?
264
Calculate the highest common factor of 176016 and 8106.
1158
What is the highest common divisor of 1456 and 105707?
7
What is the highest common factor of 267 and 1810527?
267
What is the greatest common divisor of 770 and 1805?
5
Calculate the highest common divisor of 3859 and 166391.
227
Calculate the greatest common divisor of 130 and 2925.
65
Calculate the greatest common factor of 9433 and 2.
1
What is the highest common divisor of 99 and 22?
11
Calculate the highest common divisor of 795 and 190.
5
Calculate the greatest common factor of 475260 and 420.
60
What is the highest common factor of 1560 and 742430?
130
Calculate the greatest common divisor of 1046 and 225413.
523
What is the greatest common factor of 63 and 4431?
21
What is the highest common divisor of 30990 and 615?
15
What is the greatest common factor of 106 and 43831?
53
Calculate the greatest common factor of 48391 and 2007.
223
What is the highest common factor of 29019 and 408?
51
Calculate the highest common factor of 2405224 and 82.
82
What is the greatest common divisor of 14267 and 1859?
11
What is the highest common factor of 73386 and 648?
162
What is the greatest common divisor of 1896 and 4776?
24
Calculate the greatest common divisor of 122 and 593652.
122
What is the greatest common divisor of 759 and 85261?
253
Calculate the highest common divisor of 825 and 297.
33
What is the highest common divisor of 791 and 21196?
7
What is the highest common divisor of 9638 and 21838?
122
Calculate the highest common divisor of 1674 and 6262.
62
Calculate the highest common factor of 3657 and 56787.
69
Calculate the greatest common divisor of 42 and 391902.
42
Calculate the highest common divisor of 385 and 96415.
55
What is the greatest common divisor of 22981 and 5427?
67
Calculate the highest common factor of 2397 and 3468.
51
Calculate the greatest common factor of 975 and 2145.
195
Calculate the highest common divisor of 1426 and 85974.
46
Calculate the highest common divisor of 34623 and 342.
9
Calculate the highest common factor of 102546 and 108.
54
What is the highest common factor of 296912 and 5698?
154
Calculate the highest common factor of 7494 and 1089.
3
What is the greatest common factor of 24797 and 7964?
181
What is the greatest common divisor of 44835 and 11340?
105
What is the highest common divisor of 408 and 37315?
17
Calculate the greatest common divisor of 1164210 and 90.
30
Calculate the highest common factor of 75322 and 4.
2
What is the highest common factor of 5481 and 675?
27
What is the highest common factor of 117 and 111774?
39
Calculate the greatest common divisor of 320 and 61696.
64
Calculate the greatest common divisor of 267805 and 380.
95
What is the greatest common divisor of 12 and 332646?
6
Calculate the greatest common divisor of 732 and 646539.
183
What is the greatest common divisor of 24940 and 24295?
215
Calculate the greatest common factor of 2187662 and 47.
47
Calculate the greatest common factor of 15850 and 720224.
634
What is the greatest common factor of 832 and 171470?
26
Calculate the highest common divisor of 429606 and 58.
58
What is the greatest common divisor of 11782 and 175086?
274
Calculate the greatest common divisor of 6 and 507.
3
What is the greatest common divisor of 3188920 and 16?
8
What is the greatest common factor of 24 and 95412?
12
Calculate the highest common divisor of 1110 and 36870.
30
Calculate the highest common divisor of 31941 and 6993.
189
Calculate the greatest common factor of 25 and 154925.
25
What is the highest common divisor of 821785 and 5?
5
What is the highest common factor of 244260 and 8418?
138
What is the greatest common factor of 33175 and 725?
25
What is the highest common factor of 6463 and 738187?
281
Calculate the greatest common divisor of 7077 and 5544.
21
Calculate the highest common factor of 177417 and 297.
27
What is the greatest common factor of 10 and 11745?
5
Calculate the highest common factor of 549 and 130601.
61
Calculate the highest common divisor of 632 and 232102.
158
What is the greatest common factor of 15246 and 6174?
126
Calculate the highest common factor of 48069 and 13671.
441
Calculate the highest common divisor of 72 and 4077.
9
What is the greatest common factor of 64790 and 23405?
155
Calculate the highest common divisor of 83835 and 945.
135
What is the highest common factor of 178 and 172393?
89
What is the highest common factor of 2569452 and 554?
554
Calculate the greatest common divisor of 2309580 and 20790.
1890
What is the highest common factor of 39044 and 3268?
172
Calculate the greatest common divisor of 98 and 131152.
14
Calculate the greatest comm